{"id":1666,"date":"2021-12-09T21:35:15","date_gmt":"2021-12-10T01:35:15","guid":{"rendered":"http:\/\/sitio.muellesdealejandria.biz\/?page_id=1666"},"modified":"2025-07-23T16:01:28","modified_gmt":"2025-07-23T20:01:28","slug":"ccna-cisco-certified-network-associate","status":"publish","type":"page","link":"https:\/\/muellesdealejandria.biz\/index.php\/cisco-networking-academy\/ccna-cisco-certified-network-associate\/","title":{"rendered":"Especializaci\u00f3n en Redes \u2013 CCNA V7.02"},"content":{"rendered":"\n<section id=\"gmaaa9cbe\" class=\"wp-block-gutentor-m4 section-gmaaa9cbe gutentor-module gutentor-advanced-columns\"><div class=\"grid-container\"><div class=\"grid-row\">\n<div id=\"col-gm61d2cf\" class=\"wp-block-gutentor-m4-col col-gm61d2cf gutentor-single-column  grid-lg-9 grid-md-12 grid-12\"><div id=\"section-gm61d2cf\" class=\"section-gm61d2cf gutentor-col-wrap\">\n<section id=\"gm4585820\" class=\"wp-block-gutentor-m4 section-gm4585820 gutentor-module gutentor-advanced-columns\"><div class=\"grid-container\"><div class=\"grid-row\">\n<div id=\"col-gm63599d\" class=\"wp-block-gutentor-m4-col col-gm63599d gutentor-single-column  grid-lg-12 grid-md-12 grid-12\"><div id=\"section-gm63599d\" class=\"section-gm63599d gutentor-col-wrap\">\n<div id=\"section-g9ae16b\" class=\"wp-block-gutentor-e1 section-g9ae16b gutentor-element gutentor-element-advanced-text\"><div class=\"gutentor-text-wrap\"><p class=\"gutentor-text\"><br><strong>DURACI\u00d3N<\/strong>:<br><br>El Programa tiene tres (3) M\u00f3dulos, cada uno tiene una duraci\u00f3n de 78 horas acad\u00e9micas<br><br>Los M\u00f3dulos del CCNA son:<br><br><strong>Introduction to Networking (ITN)<\/strong><br>El primer curso del curr\u00edculo de CCNA presenta las arquitecturas, los modelos, los protocolos y los elementos de red que conectan a los usuarios, los dispositivos, las aplicaciones y los datos a trav\u00e9s de Internet y las redes de computadoras modernas, incluidas la asignaci\u00f3n de direcciones IP y los aspectos b\u00e1sicos de Ethernet<br><br><strong>Switching, Routing, and Wireless Essentials (SRWE)<\/strong><br>El segundo curso del curr\u00edculo de CCNA se centra en las tecnolog\u00edas de switching y las operaciones del router que admiten redes empresariales peque\u00f1as a medianas e incluyen redes de \u00e1rea local inal\u00e1mbricas (WLAN) y conceptos de seguridad.<br><br><strong>Enterprise Networking, Security, and Automation (ENSA)<\/strong><br>El tercer y \u00faltimo curso de la serie CCNA abarca la arquitectura, la seguridad y el funcionamiento de la red empresarial, junto con la introducci\u00f3n de nuevas formas en que los ingenieros de redes interact\u00faan con la infraestructura programable.<br><br><br><br><\/p><\/div><\/div>\n\n\n\n<section id=\"section-8718370c-9963-44d6-9211-39e02db62f25\" class=\"wp-block-gutentor-divider section-8718370c-9963-44d6-9211-39e02db62f25 gutentor-element gutentor-section gutentor-divider text-center\"><div class=\"grid-container\"><div class=\"gutentor-divider-box\"><span><svg xmlns=\"http:\/\/www.w3.org\/2000\/svg\" viewBox=\"0 0 240 40\" preserveAspectRatio=\"none\"><path d=\"M56.2 20c5.3-.1 10.6-.2 16-.3l16-.2c10.6-.1 21.3-.1 31.9-.2 10.6.1 21.3 0 31.9.1l16 .2c5.3.1 10.6.2 16 .3-5.3.1-10.6.2-16 .3l-16 .2c-10.6.1-21.3.1-31.9.1-10.6-.1-21.3 0-31.9-.2l-16-.2c-5.4.1-10.7 0-16-.1z\"><\/path><\/svg><\/span><\/div><\/div><\/section>\n\n\n\n<section id=\"gm9ae6a34\" class=\"wp-block-gutentor-m4 section-gm9ae6a34 gutentor-module gutentor-advanced-columns has-color-bg has-custom-bg\"><div class=\"grid-container\"><div class=\"grid-row\">\n<div id=\"col-gm7624a0\" class=\"wp-block-gutentor-m4-col col-gm7624a0 gutentor-single-column  grid-lg-12 grid-md-12 grid-12\"><div id=\"section-gm7624a0\" class=\"section-gm7624a0 gutentor-col-wrap\">\n<div id=\"section-g890c77\" class=\"wp-block-gutentor-e1 section-g890c77 gutentor-element gutentor-element-advanced-text\"><div class=\"gutentor-text-wrap\"><p class=\"gutentor-text\"><strong>Al culminar la Especializaci\u00f3n en Redes Nivel CCNA, los egresados estar\u00e1n en capacidad de rendir el Examen de Certificaci\u00f3n Cisco\u00ae Certified Network Associate \u2013 (CCNA 200-301)<\/strong><\/p><\/div><\/div>\n<\/div><\/div>\n<\/div><\/div><\/section>\n\n\n\n<section id=\"section-6ccc550f-9c76-4b83-81a0-a0a00b1ca23e\" class=\"wp-block-gutentor-divider section-6ccc550f-9c76-4b83-81a0-a0a00b1ca23e gutentor-element gutentor-section gutentor-divider text-center\"><div class=\"grid-container\"><div class=\"gutentor-divider-box\"><span><svg xmlns=\"http:\/\/www.w3.org\/2000\/svg\" viewBox=\"0 0 240 40\" preserveAspectRatio=\"none\"><path d=\"M56.2 20c5.3-.1 10.6-.2 16-.3l16-.2c10.6-.1 21.3-.1 31.9-.2 10.6.1 21.3 0 31.9.1l16 .2c5.3.1 10.6.2 16 .3-5.3.1-10.6.2-16 .3l-16 .2c-10.6.1-21.3.1-31.9.1-10.6-.1-21.3 0-31.9-.2l-16-.2c-5.4.1-10.7 0-16-.1z\"><\/path><\/svg><\/span><\/div><\/div><\/section>\n<\/div><\/div>\n<\/div><\/div><\/section>\n<\/div><\/div>\n\n\n\n<div id=\"col-gmd0a67b\" class=\"wp-block-gutentor-m4-col col-gmd0a67b gutentor-single-column  grid-lg-3 grid-md-12 grid-12\"><div id=\"section-gmd0a67b\" class=\"section-gmd0a67b gutentor-col-wrap\">\n<hr class=\"wp-block-separator has-text-color has-luminous-vivid-amber-color has-css-opacity has-luminous-vivid-amber-background-color has-background is-style-wide\"\/>\n\n\n\n<div id=\"section-g3c6aab\" class=\"wp-block-gutentor-e1 section-g3c6aab gutentor-element gutentor-element-advanced-text\"><div class=\"gutentor-text-wrap\"><p class=\"gutentor-text\"><strong>Dirigido a:<\/strong><br><br>Bachilleres y Estudiantes de Educaci\u00f3n Superior con aptitudes avanzadas para an\u00e1lisis y resoluci\u00f3n de problemas, con vocaci\u00f3n e inter\u00e9s de hacer carrera en el \u00e1rea de Networking.<br>Profesionales y T\u00e9cnicos con nociones b\u00e1sicas o avanzadas de redes e inter\u00e9s en profundizar conocimientos y obtener la certificaci\u00f3n internacional de Cisco\u00ae<\/p><\/div><\/div>\n\n\n\n<hr class=\"wp-block-separator has-text-color has-luminous-vivid-amber-color has-css-opacity has-luminous-vivid-amber-background-color has-background is-style-wide\"\/>\n\n\n\n<div class=\"wp-block-cover alignfull is-light has-custom-content-position is-position-bottom-center wp-duotone-midnight\" style=\"margin-top:0;padding-top:48px;padding-right:48px;padding-bottom:48px;padding-left:48px;min-height:251px;aspect-ratio:unset;\"><span aria-hidden=\"true\" class=\"wp-block-cover__background has-background-dim-30 has-background-dim\"><\/span><img loading=\"lazy\" decoding=\"async\" width=\"1253\" height=\"1880\" class=\"wp-block-cover__image-background wp-image-2371\" alt=\"BackGround Cisco\" src=\"http:\/\/muellesdealejandria.biz\/wp-content\/uploads\/2023\/10\/Background-Cisco-VERTICAL02.png\" data-object-fit=\"cover\" srcset=\"https:\/\/muellesdealejandria.biz\/wp-content\/uploads\/2023\/10\/Background-Cisco-VERTICAL02.png 1253w, https:\/\/muellesdealejandria.biz\/wp-content\/uploads\/2023\/10\/Background-Cisco-VERTICAL02-200x300.png 200w, https:\/\/muellesdealejandria.biz\/wp-content\/uploads\/2023\/10\/Background-Cisco-VERTICAL02-682x1024.png 682w, https:\/\/muellesdealejandria.biz\/wp-content\/uploads\/2023\/10\/Background-Cisco-VERTICAL02-768x1152.png 768w, https:\/\/muellesdealejandria.biz\/wp-content\/uploads\/2023\/10\/Background-Cisco-VERTICAL02-1024x1536.png 1024w\" sizes=\"auto, (max-width: 1253px) 100vw, 1253px\" \/><div class=\"wp-block-cover__inner-container is-layout-flow wp-block-cover-is-layout-flow\">\n<div class=\"wp-block-buttons is-content-justification-center is-nowrap is-layout-flex wp-container-core-buttons-is-layout-12a27398 wp-block-buttons-is-layout-flex\">\n<div class=\"wp-block-button has-custom-font-size is-style-outline is-style-outline--1\" style=\"font-size:16px;font-style:normal;font-weight:600;letter-spacing:0px;text-transform:uppercase\"><a class=\"wp-block-button__link has-white-color has-text-color wp-element-button\" href=\"http:\/\/muellesdealejandria.biz\/index.php\/horarios-y-fechas\/#Course_1.1\" style=\"padding-top:24px;padding-right:48px;padding-bottom:24px;padding-left:48px\">Vea Nuestro<br>Horarios<\/a><\/div>\n<\/div>\n<\/div><\/div>\n\n\n\n<hr class=\"wp-block-separator has-text-color has-luminous-vivid-amber-color has-css-opacity has-luminous-vivid-amber-background-color has-background is-style-wide\"\/>\n\n\n\n<div class=\"wp-block-cover alignfull is-light wp-duotone-unset-3\" style=\"margin-top:0;padding-top:48px;padding-right:48px;padding-bottom:48px;padding-left:48px;min-height:400px;aspect-ratio:unset;\"><span aria-hidden=\"true\" class=\"wp-block-cover__background has-background-dim-30 has-background-dim\"><\/span><img loading=\"lazy\" decoding=\"async\" width=\"1253\" height=\"1880\" class=\"wp-block-cover__image-background wp-image-1617\" alt=\"\" src=\"http:\/\/muellesdealejandria.biz\/wp-content\/uploads\/2021\/12\/pexels-photo-1462630-1-VERTICAL1.png\" data-object-fit=\"cover\" srcset=\"https:\/\/muellesdealejandria.biz\/wp-content\/uploads\/2021\/12\/pexels-photo-1462630-1-VERTICAL1.png 1253w, https:\/\/muellesdealejandria.biz\/wp-content\/uploads\/2021\/12\/pexels-photo-1462630-1-VERTICAL1-200x300.png 200w, https:\/\/muellesdealejandria.biz\/wp-content\/uploads\/2021\/12\/pexels-photo-1462630-1-VERTICAL1-682x1024.png 682w, https:\/\/muellesdealejandria.biz\/wp-content\/uploads\/2021\/12\/pexels-photo-1462630-1-VERTICAL1-768x1152.png 768w, https:\/\/muellesdealejandria.biz\/wp-content\/uploads\/2021\/12\/pexels-photo-1462630-1-VERTICAL1-1024x1536.png 1024w\" sizes=\"auto, (max-width: 1253px) 100vw, 1253px\" \/><div class=\"wp-block-cover__inner-container is-layout-flow wp-block-cover-is-layout-flow\">\n<div class=\"wp-block-group is-layout-constrained wp-container-core-group-is-layout-4582f6a7 wp-block-group-is-layout-constrained\">\n<h2 class=\"wp-block-heading has-text-align-center has-white-color has-text-color\" style=\"font-size:10px;font-style:normal;font-weight:100;letter-spacing:0px;line-height:1;text-transform:uppercase\">.<\/h2>\n<\/div>\n\n\n\n<div style=\"height:100px\" aria-hidden=\"true\" class=\"wp-block-spacer\"><\/div>\n\n\n\n<div class=\"wp-block-buttons is-content-justification-center is-nowrap is-layout-flex wp-container-core-buttons-is-layout-12a27398 wp-block-buttons-is-layout-flex\">\n<div class=\"wp-block-button has-custom-font-size is-style-outline is-style-outline--2\" style=\"font-size:16px;font-style:normal;font-weight:600;letter-spacing:0px;text-transform:uppercase\"><a class=\"wp-block-button__link has-white-color has-text-color wp-element-button\" href=\"http:\/\/muellesdealejandria.biz\/index.php\/inscripciones\/\" style=\"background: rgba(245, 154, 20, 0.7);font-size:16px; padding-top:14px;padding-right:18px;padding-bottom:14px;padding-left:18px\">Acelere su progreso profesional con Nosotros<br><br><br>Registrate<br>Aqu\u00ed<\/a><\/div>\n<\/div>\n<\/div><\/div>\n\n\n\n<hr class=\"wp-block-separator has-text-color has-luminous-vivid-amber-color has-css-opacity has-luminous-vivid-amber-background-color has-background is-style-wide\"\/>\n<\/div><\/div>\n<\/div><\/div><\/section>\n\n\n\n<hr class=\"wp-block-separator has-css-opacity is-style-wide\"\/>\n\n\n\n<p class=\"has-text-align-center\"><strong>Estructura de Contenidos<\/strong><\/p>\n\n\n\n<section id=\"gmd99d340\" class=\"wp-block-gutentor-m4 section-gmd99d340 gutentor-module gutentor-advanced-columns has-color-bg has-custom-bg\"><div class=\"grid-container\"><div class=\"grid-row\">\n<div id=\"col-gme78258\" class=\"wp-block-gutentor-m4-col col-gme78258 gutentor-single-column  grid-lg-6 grid-md-12 grid-12\"><div id=\"section-gme78258\" class=\"section-gme78258 gutentor-col-wrap\">\n<p><strong>CCNA v7 \u2013 ITN (17 M\u00f3dulos)<\/strong><br><\/p>\n\n\n\n<p>Este primer curso de la serie de tres cursos de CCNA presenta<br>arquitecturas, modelos, protocolos y elementos de red, que<br>son funciones necesarias para respaldar las operaciones y<br>prioridades de las empresas de Fortune 500 con peque\u00f1os<br>comercios minoristas innovadores. Incluso tendr\u00e1 la<br>oportunidad de crear redes de \u00e1rea local (LAN) sencillas.<br>Tendr\u00e1 un conocimiento pr\u00e1ctico de esquemas de<br>direccionamiento IP y la seguridad de la red fundacional, y<br>podr\u00e1 realizar configuraciones b\u00e1sicas para routers y switches.<\/p>\n\n\n\n<p><\/p>\n<\/div><\/div>\n\n\n\n<div id=\"col-gmbbd65b\" class=\"wp-block-gutentor-m4-col col-gmbbd65b gutentor-single-column  grid-lg-6 grid-md-12 grid-12\"><div id=\"section-gmbbd65b\" class=\"section-gmbbd65b gutentor-col-wrap\">\n<ol class=\"wp-block-list\">\n<li>Las redes en la actualidad.<\/li>\n\n\n\n<li>Configuraci\u00f3n b\u00e1sica de switches.<\/li>\n\n\n\n<li>Protocolos y modelos.<\/li>\n\n\n\n<li>Capa f\u00edsica<\/li>\n\n\n\n<li>Sistemas num\u00e9ricos<\/li>\n\n\n\n<li>Capa de enlace de datos<\/li>\n\n\n\n<li>Switching Ethernet.<\/li>\n\n\n\n<li>Capa de red<\/li>\n\n\n\n<li>Resoluci\u00f3n de direcci\u00f3n<\/li>\n\n\n\n<li>Configuraci\u00f3n b\u00e1sica de un router.<\/li>\n\n\n\n<li>Asignaci\u00f3n de direcciones IPv4.<\/li>\n\n\n\n<li>Asignaci\u00f3n de direcciones IPv6<\/li>\n\n\n\n<li>ICMP<\/li>\n\n\n\n<li>Capa de transporte<\/li>\n\n\n\n<li>Capa de aplicaci\u00f3n<\/li>\n\n\n\n<li>Fundamentos de seguridad en la red.<\/li>\n\n\n\n<li>Cree una red peque\u00f1a.<\/li>\n<\/ol>\n<\/div><\/div>\n<\/div><\/div><\/section>\n\n\n\n<hr class=\"wp-block-separator has-css-opacity is-style-wide\"\/>\n\n\n\n<section id=\"gme4391e4\" class=\"wp-block-gutentor-m4 section-gme4391e4 gutentor-module gutentor-advanced-columns has-color-bg has-custom-bg\"><div class=\"grid-container\"><div class=\"grid-row\">\n<div id=\"col-gm5f459a\" class=\"wp-block-gutentor-m4-col col-gm5f459a gutentor-single-column  grid-lg-6 grid-md-12 grid-12\"><div id=\"section-gm5f459a\" class=\"section-gm5f459a gutentor-col-wrap\">\n<p><strong>CCNA v7 \u2013 SRWE (16 M\u00f3dulos)<br><\/strong><br>Este curso se centra en las tecnolog\u00edas de switching y las<br>operaciones de router que admiten redes empresariales<br>peque\u00f1as a medianas, incluidas las redes de \u00e1rea local<br>inal\u00e1mbricas (WLAN) y los conceptos de seguridad. Realizar\u00e1 la<br>configuraci\u00f3n b\u00e1sica de la red y la soluci\u00f3n de problemas,<br>identificar\u00e1 y mitigar\u00e1 las amenazas de seguridad de la LAN, y<br>configurar\u00e1 y proteger\u00e1 una WLAN b\u00e1sica.<\/p>\n<\/div><\/div>\n\n\n\n<div id=\"col-gmd71143\" class=\"wp-block-gutentor-m4-col col-gmd71143 gutentor-single-column  grid-lg-6 grid-md-12 grid-12\"><div id=\"section-gmd71143\" class=\"section-gmd71143 gutentor-col-wrap\">\n<ol class=\"wp-block-list\">\n<li>Configuraci\u00f3n b\u00e1sica de dispositivos.<\/li>\n\n\n\n<li>Conceptos de Switching.<\/li>\n\n\n\n<li>VLANs.<\/li>\n\n\n\n<li>Enrutamiento entre VLAN.<\/li>\n\n\n\n<li>Protocolo Spanning-Tree.<\/li>\n\n\n\n<li>Etherchannel.<\/li>\n\n\n\n<li>DHCPv4.<\/li>\n\n\n\n<li>Conceptos SLAAC y DHCPv6.<\/li>\n\n\n\n<li>Conceptos de FHRP.<\/li>\n\n\n\n<li>Conceptos de seguridad de LAN.<\/li>\n\n\n\n<li>Conceptos de seguridad de Switch.<\/li>\n\n\n\n<li>Conceptos de WLAN.<\/li>\n\n\n\n<li>Configuraci\u00f3n de WLAN.<\/li>\n\n\n\n<li>Conceptos de enrutamiento.<\/li>\n\n\n\n<li>Rutas IP est\u00e1ticas.<\/li>\n\n\n\n<li>Resoluci\u00f3n de problemas de rutas est\u00e1ticas y predeterminadas.<\/li>\n<\/ol>\n<\/div><\/div>\n<\/div><\/div><\/section>\n\n\n\n<hr class=\"wp-block-separator has-css-opacity is-style-wide\"\/>\n\n\n\n<section id=\"gm5fa1499\" class=\"wp-block-gutentor-m4 section-gm5fa1499 gutentor-module gutentor-advanced-columns has-color-bg has-custom-bg\"><div class=\"grid-container\"><div class=\"grid-row\">\n<div id=\"col-gm79c457\" class=\"wp-block-gutentor-m4-col col-gm79c457 gutentor-single-column  grid-lg-6 grid-md-12 grid-12\"><div id=\"section-gm79c457\" class=\"section-gm79c457 gutentor-col-wrap\">\n<p><strong>CCNA v7 \u2013 ENSA (14 M\u00f3dulos)<\/strong><br><strong><br><\/strong>Este tercer curso de la serie de 3 cursos de CCNA describe las<br>arquitecturas y las consideracionesrelacionadas con el dise\u00f1o,<br>la protecci\u00f3n, el funcionamiento y la soluci\u00f3n de problemas de<br>las redes empresariales. Abarca las tecnolog\u00edas de red de \u00e1rea<br>amplia (WAN) y los mecanismos de calidad de servicio (QoS)<br>utilizados para el acceso remoto seguro, junto con la<br>introducci\u00f3n de conceptos de redes, virtualizaci\u00f3n y<br>automatizaci\u00f3n definidos por software que admiten la<br>digitalizaci\u00f3n de redes<\/p>\n<\/div><\/div>\n\n\n\n<div id=\"col-gm9b6f49\" class=\"wp-block-gutentor-m4-col col-gm9b6f49 gutentor-single-column  grid-lg-6 grid-md-12 grid-12\"><div id=\"section-gm9b6f49\" class=\"section-gm9b6f49 gutentor-col-wrap\">\n<ol class=\"wp-block-list\">\n<li>Conceptos de OSPFv2 de \u00e1rea \u00fanica.<\/li>\n\n\n\n<li>Configuraci\u00f3n de OSPFv2 de \u00e1rea \u00fanica.<\/li>\n\n\n\n<li>Conceptos de WAN.<\/li>\n\n\n\n<li>Conceptos de seguridad de la red.<\/li>\n\n\n\n<li>Conceptos de ACL.<\/li>\n\n\n\n<li>Configuraci\u00f3n de ACLs para IPv4.<\/li>\n\n\n\n<li>NAT para IPv4.<\/li>\n\n\n\n<li>Conceptos de VPN e IPsec.<\/li>\n\n\n\n<li>Conceptos de QoS.<\/li>\n\n\n\n<li>Administraci\u00f3n de redes.<\/li>\n\n\n\n<li>Dise\u00f1o de red.<\/li>\n\n\n\n<li>Resoluci\u00f3n de problemas de red.<\/li>\n\n\n\n<li>Virtualizaci\u00f3n de la red.<\/li>\n\n\n\n<li>Automatizaci\u00f3n de la red<\/li>\n<\/ol>\n<\/div><\/div>\n<\/div><\/div><\/section>\n\n\n\n<hr class=\"wp-block-separator has-css-opacity is-style-wide\"\/>\n\n\n\n<div class=\"wp-block-group has-background is-layout-constrained wp-container-core-group-is-layout-7b96aca3 wp-block-group-is-layout-constrained\" style=\"border-top-color:var(--wp--preset--color--luminous-vivid-orange);border-top-width:3px;border-right-style:none;border-right-width:0px;border-bottom-color:var(--wp--preset--color--luminous-vivid-orange);border-bottom-width:3px;border-left-style:none;border-left-width:0px;margin-top:var(--wp--preset--spacing--40);margin-bottom:var(--wp--preset--spacing--40);padding-top:15px;padding-right:20px;padding-bottom:15px;padding-left:20px\">\n<div class=\"wp-block-columns alignwide is-layout-flex wp-container-core-columns-is-layout-28f84493 wp-block-columns-is-layout-flex\">\n<div class=\"wp-block-column is-layout-flow wp-block-column-is-layout-flow\">\n<div class=\"wp-block-group animated animated-fadeInUp is-layout-flow wp-block-group-is-layout-flow\">\n<figure class=\"wp-block-image size-large is-resized has-custom-border  no-margin\"><img decoding=\"async\" src=\"http:\/\/muellesdealejandria.biz\/wp-content\/uploads\/2023\/10\/nosotross.png\" alt=\"Background Nosotros\" style=\"border-radius:0px;aspect-ratio:1;width:323px;height:auto\"\/><\/figure>\n<\/div>\n<\/div>\n\n\n\n<div class=\"wp-block-column is-vertically-aligned-center is-layout-flow wp-block-column-is-layout-flow\" style=\"padding-top:0px;padding-right:40px;padding-left:40px\">\n<div class=\"wp-block-group alignwide is-layout-constrained wp-container-core-group-is-layout-26420631 wp-block-group-is-layout-constrained\">\n<div class=\"wp-block-group animated animated-fadeInUp is-nowrap is-layout-flex wp-container-core-group-is-layout-e088cbc5 wp-block-group-is-layout-flex\">\n<div class=\"wp-block-group is-layout-flow wp-block-group-is-layout-flow\">\n<hr class=\"wp-block-separator has-text-color has-primary-color has-alpha-channel-opacity has-primary-background-color has-background\"\/>\n<\/div>\n\n\n\n<p class=\"animated animated-fadeInUp has-primary-color has-text-color has-medium-font-size\" style=\"letter-spacing:1px\">NOSOTROS SIEMPRE ESTAMOS ENFOCADOS<\/p>\n<\/div>\n\n\n\n<h2 class=\"wp-block-heading animated animated-fadeInUp has-slider-title-font-size\" style=\"line-height:1.2\">\u00bfPor qu\u00e9 con Nosotros? <\/h2>\n\n\n\n<p class=\"animated animated-fadeInUp has-foreground-color has-text-color\">En Muelles de Alejandr\u00eda tenemos m\u00e1s de<strong> <\/strong>veinticinco a\u00f1os impartiendo los programas de <strong>Cisco Networking Academy<\/strong>, tanto a nivel presencial como a distancia demostrando:<\/p>\n\n\n\n<div class=\"wp-block-group is-nowrap is-layout-flex wp-container-core-group-is-layout-e13ac5b4 wp-block-group-is-layout-flex\">\n<ul class=\"animated animated-fadeInUp has-foreground-color has-text-color wp-block-list\">\n<li>Calidad Acad\u00e9mica<\/li>\n\n\n\n<li>Instructores Experimentados<\/li>\n\n\n\n<li>Experiencia en entorno de aprendizaje<\/li>\n\n\n\n<li>Certificaciones Internacionales<\/li>\n<\/ul>\n<\/div>\n\n\n\n<div class=\"wp-block-buttons animated animated-fadeInUp is-content-justification-left is-layout-flex wp-container-core-buttons-is-layout-cf27a859 wp-block-buttons-is-layout-flex\" style=\"margin-top:35px;margin-bottom:20px\">\n<div class=\"wp-block-button has-custom-width wp-block-button__width-100 is-style-fill\"><a class=\"wp-block-button__link has-background-color has-primary-background-color has-text-color has-background wp-element-button\" href=\"http:\/\/muellesdealejandria.biz\/index.php\/inscripciones\/\" style=\"border-radius:5px;padding-top:5px;padding-right:23px;padding-bottom:5px;padding-left:23px\">S\u00e9 parte de nuestra comunidad<\/a><\/div>\n<\/div>\n<\/div>\n<\/div>\n<\/div>\n<\/div>\n\n\n\n<div class=\"wp-block-cover alignfull is-light\" style=\"border-style:none;border-width:0px;min-height:315px;aspect-ratio:unset;\"><span aria-hidden=\"true\" class=\"wp-block-cover__background has-background-dim-100 has-background-dim\" style=\"background-color:#ffffff\"><\/span><div class=\"wp-block-cover__inner-container is-layout-flow wp-block-cover-is-layout-flow\">\n<div class=\"wp-block-cover alignfull is-light\" style=\"border-style:none;border-width:0px;min-height:315px;aspect-ratio:unset;\"><span aria-hidden=\"true\" class=\"wp-block-cover__background has-background-dim-100 has-background-dim\" style=\"background-color:#ffffff\"><\/span><div class=\"wp-block-cover__inner-container is-layout-flow wp-block-cover-is-layout-flow\">\n<div class=\"wp-block-media-text alignwide is-stacked-on-mobile is-vertically-aligned-center is-image-fill has-background\" style=\"background:linear-gradient(180deg,rgb(214,214,214) 0%,rgb(254,254,254) 49%,rgb(214,214,214) 100%)\"><figure class=\"wp-block-media-text__media\" style=\"background-image:url(https:\/\/muellesdealejandria.biz\/wp-content\/uploads\/2023\/10\/Background-Cisco-PDF-01-1024x681.png);background-position:50% 50%\"><img loading=\"lazy\" decoding=\"async\" width=\"1024\" height=\"681\" src=\"https:\/\/muellesdealejandria.biz\/wp-content\/uploads\/2023\/10\/Background-Cisco-PDF-01-1024x681.png\" alt=\"Background PDF\" class=\"wp-image-2382 size-large\" srcset=\"https:\/\/muellesdealejandria.biz\/wp-content\/uploads\/2023\/10\/Background-Cisco-PDF-01-1024x681.png 1024w, https:\/\/muellesdealejandria.biz\/wp-content\/uploads\/2023\/10\/Background-Cisco-PDF-01-300x200.png 300w, https:\/\/muellesdealejandria.biz\/wp-content\/uploads\/2023\/10\/Background-Cisco-PDF-01-768x511.png 768w, https:\/\/muellesdealejandria.biz\/wp-content\/uploads\/2023\/10\/Background-Cisco-PDF-01-1536x1021.png 1536w, https:\/\/muellesdealejandria.biz\/wp-content\/uploads\/2023\/10\/Background-Cisco-PDF-01.png 2000w\" sizes=\"auto, (max-width: 1024px) 100vw, 1024px\" \/><\/figure><div class=\"wp-block-media-text__content\">\n<h2 class=\"wp-block-heading has-text-color\" style=\"color:#000000;padding-top:var(--wp--preset--spacing--30);padding-bottom:var(--wp--preset--spacing--30);font-size:32px\"><strong>Obt\u00e9n la ficha t\u00e9cnica del curso en formato PDF<\/strong><\/h2>\n\n\n\n<p class=\"has-foreground-color has-text-color\" style=\"font-size:19px\">Prep\u00e1rese para certificaciones, con reconociento internacional. Nuestro cursos son reconocidos en diferentes \u00e1reas tecnol\u00f3gicas.<br>Obten la informaci\u00f3n mas detallada del curso.<\/p>\n\n\n\n<p class=\"has-foreground-color has-text-color\" style=\"font-size:30px\"><strong>\u00bfQu\u00e9 esperas?<\/strong> <\/p>\n\n\n\n<div class=\"wp-block-buttons is-horizontal is-layout-flex wp-container-core-buttons-is-layout-1463ed96 wp-block-buttons-is-layout-flex\" style=\"margin-top:var(--wp--preset--spacing--40);margin-bottom:var(--wp--preset--spacing--40)\">\n<div class=\"wp-block-button has-custom-font-size is-style-fill has-content-heading-font-size\"><a class=\"wp-block-button__link has-white-color has-primary-background-color has-text-color has-background wp-element-button\" href=\"https:\/\/muellesdealejandria.biz\/wp-content\/uploads\/2023\/PDF\/1.1.-Curso_Cisco_CCNA.pdf\" style=\"border-style:none;border-width:0px;border-radius:24px;padding-top:var(--wp--preset--spacing--30);padding-right:var(--wp--preset--spacing--40);padding-bottom:var(--wp--preset--spacing--30);padding-left:var(--wp--preset--spacing--40)\">Haz clic aqu\u00ed<\/a><\/div>\n<\/div>\n<\/div><\/div>\n<\/div><\/div>\n<\/div><\/div>\n\n\n\n<hr class=\"wp-block-separator has-css-opacity is-style-wide\"\/>\n\n\n\n<hr class=\"wp-block-separator has-css-opacity is-style-wide\"\/>\n\n\n\n<p>M\u00e1s informaci\u00f3n de los cursos en <a rel=\"noreferrer noopener\" href=\"https:\/\/www.netacad.com\/\" target=\"_blank\">https:\/\/www.netacad.com\/<\/a><\/p>\n","protected":false},"excerpt":{"rendered":"<p>Estructura de Contenidos M\u00e1s informaci\u00f3n de los cursos en https:\/\/www.netacad.com\/<\/p>\n","protected":false},"author":2,"featured_media":0,"parent":1379,"menu_order":1,"comment_status":"closed","ping_status":"closed","template":"","meta":{"footnotes":""},"class_list":["post-1666","page","type-page","status-publish","hentry"],"_links":{"self":[{"href":"https:\/\/muellesdealejandria.biz\/index.php\/wp-json\/wp\/v2\/pages\/1666","targetHints":{"allow":["GET"]}}],"collection":[{"href":"https:\/\/muellesdealejandria.biz\/index.php\/wp-json\/wp\/v2\/pages"}],"about":[{"href":"https:\/\/muellesdealejandria.biz\/index.php\/wp-json\/wp\/v2\/types\/page"}],"author":[{"embeddable":true,"href":"https:\/\/muellesdealejandria.biz\/index.php\/wp-json\/wp\/v2\/users\/2"}],"replies":[{"embeddable":true,"href":"https:\/\/muellesdealejandria.biz\/index.php\/wp-json\/wp\/v2\/comments?post=1666"}],"version-history":[{"count":294,"href":"https:\/\/muellesdealejandria.biz\/index.php\/wp-json\/wp\/v2\/pages\/1666\/revisions"}],"predecessor-version":[{"id":5113,"href":"https:\/\/muellesdealejandria.biz\/index.php\/wp-json\/wp\/v2\/pages\/1666\/revisions\/5113"}],"up":[{"embeddable":true,"href":"https:\/\/muellesdealejandria.biz\/index.php\/wp-json\/wp\/v2\/pages\/1379"}],"wp:attachment":[{"href":"https:\/\/muellesdealejandria.biz\/index.php\/wp-json\/wp\/v2\/media?parent=1666"}],"curies":[{"name":"wp","href":"https:\/\/api.w.org\/{rel}","templated":true}]}}