{"id":1379,"date":"2021-12-06T19:07:11","date_gmt":"2021-12-06T19:07:11","guid":{"rendered":"http:\/\/sitio.muellesdealejandria.biz\/?page_id=1379"},"modified":"2024-12-13T15:11:43","modified_gmt":"2024-12-13T19:11:43","slug":"cisco-networking-academy","status":"publish","type":"page","link":"https:\/\/muellesdealejandria.biz\/index.php\/cisco-networking-academy\/","title":{"rendered":"Cisco Networking Academy"},"content":{"rendered":"\n<div id=\"section-g62d02d\" class=\"wp-block-gutentor-e1 section-g62d02d gutentor-element gutentor-element-advanced-text\"><div class=\"gutentor-text-wrap\"><p class=\"gutentor-text\"><strong>Explore el mundo de la tecnolog\u00eda o comience a construir su carrera.<\/strong><br><br>Aprenda temas como redes, ciberseguridad y programaci\u00f3n a trav\u00e9s de cursos respaldados por el aprendizaje de la ciencia y la experiencia de Cisco, y prep\u00e1rese para las certificaciones y las habilidades laborales que lo preparar\u00e1n para trabajar en cualquier lugar.<br><\/p><\/div><\/div>\n\n\n\n<hr class=\"wp-block-separator has-css-opacity is-style-wide\"\/>\n\n\n\n<hr class=\"wp-block-separator has-css-opacity is-style-wide\"\/>\n\n\n\n<section id=\"section-8f89778e-e275-4ee5-b715-b93d4cc5c8cd\" class=\"wp-block-gutentor-restaurant-menu gutentor-section gutentor-restaurant-menu restaurant-menu-template1 has-gutentor-overlay wow animated fadeIn\" data-wow-animation=\"fadeIn\" data-wow-delay=\"1s\" data-wow-duration=\"2s\" data-wow-iteration=\"1\"><div class=\"grid-container\"><div class=\"grid-row gutentor-grid-item-wrap wow animated slideInUp\" data-wow-animation=\"slideInUp\" data-wow-delay=\"0.5s\" data-wow-iteration=\"1\"><div class=\"gutentor-grid-column grid-lg-3 grid-md-6 grid-12\"><div class=\"gutentor-single-item gutentor-single-item-0\"><div class=\"gutentor-single-item-content\"><div class=\"gutentor-single-item-image-box\"><div class=\"gutentor-image-thumb\"><img loading=\"lazy\" decoding=\"async\" class=\"normal-image\" src=\"http:\/\/muellesdealejandria.biz\/wp-content\/uploads\/2021\/12\/People-Cisco.png\" alt=\"Muelle de Alejandr\u00eda - Academia Cisco\" height=\"1253\" width=\"1880\"\/><\/div><div class=\"gutentor-restaurant-menu-price-box price-box-right-bottom\"><div class=\"gutentor-restaurant-menu-price\"><span class=\"gutentor-restaurant-menu-price-amount\"><span class=\"gutentor-restaurant-menu-price-unit\">$<\/span>00<\/span><\/div><\/div><\/div><div class=\"gutentor-restaurant-menu-content\"><div class=\"gutentor-restaurant-menu-wrap\"><h4 class=\"gutentor-single-item-title\">Especializaci\u00f3n en Redes \u2013 CCNA<br>(Versi\u00f3n 7.02) <\/h4><\/div><\/div><div class=\"gutentor-single-item-desc\"><p class=\"gutentor-single-item-desc\">El primer paso hacia una carrera profesional en redes<br><br>El programa consta de tres m\u00f3dulos:<br>-Introduction to Networking <br>-Switching, Routing, and Wireless Essentials<br>-Enterprise Networking, Security, and Automation <\/p><\/div><a class=\"gutentor-button gutentor-single-item-button gutentor-icon-after 14\" href=\"ccna-cisco-certified-network-associate\"><i class=\"gutentor-button-icon fas fa-chevron-right\"><\/i><span>M\u00e1s informaci\u00f3n <\/span><\/a><\/div><\/div><\/div><div class=\"gutentor-grid-column grid-lg-3 grid-md-6 grid-12\"><div class=\"gutentor-single-item gutentor-single-item-1\"><div class=\"gutentor-single-item-content\"><div class=\"gutentor-single-item-image-box\"><div class=\"gutentor-image-thumb\"><img loading=\"lazy\" decoding=\"async\" class=\"normal-image\" src=\"http:\/\/muellesdealejandria.biz\/wp-content\/uploads\/2021\/12\/cisco-001.png\" alt=\"Muelle de Alejandr\u00eda - Academia Cisco\" height=\"1280\" width=\"1920\"\/><\/div><div class=\"gutentor-restaurant-menu-price-box price-box-right-bottom\"><div class=\"gutentor-restaurant-menu-price\"><span class=\"gutentor-restaurant-menu-price-amount\"><span class=\"gutentor-restaurant-menu-price-unit\">$<\/span>00<\/span><\/div><\/div><\/div><div class=\"gutentor-restaurant-menu-content\"><div class=\"gutentor-restaurant-menu-wrap\"><h4 class=\"gutentor-single-item-title\">Intensivo para la preparaci\u00f3n al examen de Certificaci\u00f3n CCNA 200-301 <\/h4><\/div><\/div><div class=\"gutentor-single-item-desc\"><p class=\"gutentor-single-item-desc\">Nuestro programa intensivo te permite adquirir los conocimientos y habilidades necesarios para aprobar el examen CCNA 200-301 en el menor tiempo posible. En tan solo seis (06) semanas, estar\u00e1s listo para enfrentar este desaf\u00edo con total seguridad.<br><\/p><\/div><a class=\"gutentor-button gutentor-single-item-button gutentor-icon-after 14\" href=\"intensivo-para-la-preparacion-al-examen-de-certificacion-ccna-200-301\"><i class=\"gutentor-button-icon fas fa-angle-right\"><\/i><span>M\u00e1s informaci\u00f3n <\/span><\/a><\/div><\/div><\/div><div class=\"gutentor-grid-column grid-lg-3 grid-md-6 grid-12\"><div class=\"gutentor-single-item gutentor-single-item-2\"><div class=\"gutentor-single-item-content\"><div class=\"gutentor-single-item-image-box\"><div class=\"gutentor-image-thumb\"><img loading=\"lazy\" decoding=\"async\" class=\"normal-image\" src=\"http:\/\/muellesdealejandria.biz\/wp-content\/uploads\/2021\/12\/cisco-002.png\" alt=\"Muelle de Alejandr\u00eda - Academia Cisco\" height=\"1280\" width=\"1920\"\/><\/div><div class=\"gutentor-restaurant-menu-price-box price-box-right-bottom\"><div class=\"gutentor-restaurant-menu-price\"><span class=\"gutentor-restaurant-menu-price-amount\"><span class=\"gutentor-restaurant-menu-price-unit\">$<\/span>00<\/span><\/div><\/div><\/div><div class=\"gutentor-restaurant-menu-content\"><div class=\"gutentor-restaurant-menu-wrap\"><h4 class=\"gutentor-single-item-title\">CCNP Enterprise<br>(Versi\u00f3n 8.02)<\/h4><\/div><\/div><div class=\"gutentor-single-item-desc\"><p class=\"gutentor-single-item-desc\">Este m\u00f3dulo \u00a0ampl\u00eda su comprensi\u00f3n arquitect\u00f3nica y profundiza sus habilidades de implementaci\u00f3n requeridas por las redes empresariales.<br><br>El programa consta de dos m\u00f3dulos:<br>&#8211; CCNP Enterprise: Core Networking<br>&#8211; CCNP Enterprise: Advanced Routing<\/p><\/div><a class=\"gutentor-button gutentor-single-item-button gutentor-icon-after 14\" href=\"ccnp-enterprise\"><i class=\"gutentor-button-icon fas fa-angle-right\"><\/i><span>M\u00e1s informaci\u00f3n <\/span><\/a><\/div><\/div><\/div><div class=\"gutentor-grid-column grid-lg-3 grid-md-6 grid-12\"><div class=\"gutentor-single-item gutentor-single-item-3\"><div class=\"gutentor-single-item-content\"><div class=\"gutentor-single-item-image-box\"><div class=\"gutentor-image-thumb\"><img loading=\"lazy\" decoding=\"async\" class=\"normal-image\" src=\"http:\/\/muellesdealejandria.biz\/wp-content\/uploads\/2021\/12\/seguridad.png\" alt=\"Muelle de Alejandr\u00eda - Academia Cisco\" height=\"1253\" width=\"1880\"\/><\/div><div class=\"gutentor-restaurant-menu-price-box price-box-right-bottom\"><div class=\"gutentor-restaurant-menu-price\"><span class=\"gutentor-restaurant-menu-price-amount\"><span class=\"gutentor-restaurant-menu-price-unit\">$<\/span>00<\/span><\/div><\/div><\/div><div class=\"gutentor-restaurant-menu-content\"><div class=\"gutentor-restaurant-menu-wrap\"><h4 class=\"gutentor-single-item-title\"><strong>DevNet Associate <\/strong><br><strong>(Versi\u00f3n 1.0)<\/strong><\/h4><\/div><\/div><div class=\"gutentor-single-item-desc\"><p class=\"gutentor-single-item-desc\">Aprender\u00e1 los procedimientos recomendados de las pr\u00e1cticas de desarrollo de software modernas, DevOps y c\u00f3mo interactuar de manera segura con las interfaces de programaci\u00f3n de aplicaciones (API) para automatizar los procesos manuales existentes con solo unas pocas l\u00edneas de c\u00f3digo<\/p><\/div><a class=\"gutentor-button gutentor-single-item-button gutentor-icon-after 14\" href=\"devnet-associate\"><i class=\"gutentor-button-icon fas fa-angle-right\"><\/i><span>M\u00e1s informaci\u00f3n <\/span><\/a><\/div><\/div><\/div><div class=\"gutentor-grid-column grid-lg-3 grid-md-6 grid-12\"><div class=\"gutentor-single-item gutentor-single-item-4\"><div class=\"gutentor-single-item-content\"><div class=\"gutentor-single-item-image-box\"><div class=\"gutentor-image-thumb\"><img loading=\"lazy\" decoding=\"async\" class=\"normal-image\" src=\"http:\/\/muellesdealejandria.biz\/wp-content\/uploads\/2021\/12\/Linux-001.png\" alt=\"Muelle de Alejandr\u00eda - Academia Cisco\" height=\"1280\" width=\"1920\"\/><\/div><div class=\"gutentor-restaurant-menu-price-box price-box-right-bottom\"><div class=\"gutentor-restaurant-menu-price\"><span class=\"gutentor-restaurant-menu-price-amount\"><span class=\"gutentor-restaurant-menu-price-unit\">$<\/span>0.00<\/span><\/div><\/div><\/div><div class=\"gutentor-restaurant-menu-content\"><div class=\"gutentor-restaurant-menu-wrap\"><h4 class=\"gutentor-single-item-title\"><strong>CyberOps Associate \/ Cybersecurity Operations<\/strong><br><strong>(Versi\u00f3n 1.01)<\/strong><\/h4><\/div><\/div><div class=\"gutentor-single-item-desc\"><p class=\"gutentor-single-item-desc\">En este curso aprendera los conceptos de seguridad, monitoreo de seguridad, an\u00e1lisis basado en hosts, an\u00e1lisis de intrusiones en la red y pol\u00edticas y procedimientos de seguridad. Este curso tambi\u00e9n se alinea con el Cybersecurity Workforce Framework de la iniciativa nacional para la educaci\u00f3n en ciberseguridad.<\/p><\/div><a class=\"gutentor-button gutentor-single-item-button gutentor-icon-after 14\" href=\"cybersecurity-operations\"><i class=\"gutentor-button-icon fas fa-angle-right\"><\/i><span>M\u00e1s informaci\u00f3n <\/span><\/a><\/div><\/div><\/div><div class=\"gutentor-grid-column grid-lg-3 grid-md-6 grid-12\"><div class=\"gutentor-single-item gutentor-single-item-5\"><div class=\"gutentor-single-item-content\"><div class=\"gutentor-single-item-image-box\"><div class=\"gutentor-image-thumb\"><img loading=\"lazy\" decoding=\"async\" class=\"normal-image\" src=\"\/wp-content\/uploads\/2021\/12\/codigo_abierto.png\" alt=\"Muelle de Alejandr\u00eda - Academia Cisco\" height=\"1253\" width=\"1880\"\/><\/div><div class=\"gutentor-restaurant-menu-price-box price-box-right-bottom\"><div class=\"gutentor-restaurant-menu-price\"><span class=\"gutentor-restaurant-menu-price-amount\"><span class=\"gutentor-restaurant-menu-price-unit\">$<\/span>0.00<\/span><\/div><\/div><\/div><div class=\"gutentor-restaurant-menu-content\"><div class=\"gutentor-restaurant-menu-wrap\"><h4 class=\"gutentor-single-item-title\">Network Security<br>(Versi\u00f3n 1.0)  <\/h4><\/div><\/div><div class=\"gutentor-single-item-desc\"><p class=\"gutentor-single-item-desc\">Este m\u00f3dulo lo prepara para realizar tareas como estas mediante el desarrollo de las destrezas necesarias para dise\u00f1ar, implementar y respaldar la seguridad para los dispositivos de red y garantizar su integridad.<\/p><\/div><a class=\"gutentor-button gutentor-single-item-button gutentor-icon-after 14\" href=\"network-security\"><i class=\"gutentor-button-icon fas fa-angle-right\"><\/i><span>M\u00e1s informaci\u00f3n <\/span><\/a><\/div><\/div><\/div><div class=\"gutentor-grid-column grid-lg-3 grid-md-6 grid-12\"><div class=\"gutentor-single-item gutentor-single-item-6\"><div class=\"gutentor-single-item-content\"><div class=\"gutentor-single-item-image-box\"><div class=\"gutentor-image-thumb\"><img loading=\"lazy\" decoding=\"async\" class=\"normal-image\" src=\"\/wp-content\/uploads\/2021\/12\/Sql-001.png\" alt=\"Muelle de Alejandr\u00eda - Academia Cisco\" height=\"1280\" width=\"1920\"\/><\/div><div class=\"gutentor-restaurant-menu-price-box price-box-right-bottom\"><div class=\"gutentor-restaurant-menu-price\"><span class=\"gutentor-restaurant-menu-price-amount\"><span class=\"gutentor-restaurant-menu-price-unit\">$<\/span>0.00<\/span><\/div><\/div><\/div><div class=\"gutentor-restaurant-menu-content\"><div class=\"gutentor-restaurant-menu-wrap\"><h4 class=\"gutentor-single-item-title\">IT Essentials I: Hardware y Software para PC<br>(Versi\u00f3n 7.02)<\/h4><\/div><\/div><div class=\"gutentor-single-item-desc\"><p class=\"gutentor-single-item-desc\">El programa cubre las destrezas<br>profesionales e inform\u00e1ticas fundamentales para empleos de TI de<br>nivel b\u00e1sico como<br>procedimientos para instalar, configurar y solucionar problemasde<br>computadoras, dispositivos m\u00f3viles y software.<\/p><\/div><a class=\"gutentor-button gutentor-single-item-button gutentor-icon-after 14\" href=\"it-essentials\"><i class=\"gutentor-button-icon fas fa-angle-right\"><\/i><span>M\u00e1s informaci\u00f3n <\/span><\/a><\/div><\/div><\/div><div class=\"gutentor-grid-column grid-lg-3 grid-md-6 grid-12\"><div class=\"gutentor-single-item gutentor-single-item-7\"><div class=\"gutentor-single-item-content\"><div class=\"gutentor-single-item-image-box\"><div class=\"gutentor-image-thumb\"><img loading=\"lazy\" decoding=\"async\" class=\"normal-image\" src=\"http:\/\/muellesdealejandria.biz\/wp-content\/uploads\/2024\/12\/Python_Course_015.png\" alt=\"Photo Python\" height=\"1280\" width=\"1920\"\/><\/div><div class=\"gutentor-restaurant-menu-price-box price-box-right-bottom\"><div class=\"gutentor-restaurant-menu-price\"><span class=\"gutentor-restaurant-menu-price-amount\"><span class=\"gutentor-restaurant-menu-price-unit\">$<\/span>0.00<\/span><\/div><\/div><\/div><div class=\"gutentor-restaurant-menu-content\"><div class=\"gutentor-restaurant-menu-wrap\"><h4 class=\"gutentor-single-item-title\">Python (Versi\u00f3n 2.0)<\/h4><\/div><\/div><div class=\"gutentor-single-item-desc\"><p class=\"gutentor-single-item-desc\">Los egresados de curso Python  estar\u00e1n en capacidad de aplicar sus conocimientos te\u00f3ricos y habilidades pr\u00e1cticas en Analizar y modelar problemas de la vida real en categor\u00edas de Programaci\u00f3n Orientada a Objetos.<\/p><\/div><a class=\"gutentor-button gutentor-single-item-button gutentor-icon-after 14\" href=\"\/index.php\/python\/\"><i class=\"gutentor-button-icon fas fa-angle-right\"><\/i><span>M\u00e1s informaci\u00f3n<\/span><\/a><\/div><\/div><\/div><\/div><\/div><\/section>\n\n\n\n<hr class=\"wp-block-separator has-css-opacity is-style-wide\"\/>\n\n\n\n<hr class=\"wp-block-separator has-css-opacity is-style-wide\"\/>\n\n\n\n<p>M\u00e1s informaci\u00f3n de los cursos en <a href=\"https:\/\/www.netacad.com\/\" target=\"_blank\" rel=\"noreferrer noopener\">https:\/\/www.netacad.com\/<\/a><\/p>\n","protected":false},"excerpt":{"rendered":"<p>M\u00e1s informaci\u00f3n de los cursos en https:\/\/www.netacad.com\/<\/p>\n","protected":false},"author":2,"featured_media":0,"parent":0,"menu_order":0,"comment_status":"closed","ping_status":"closed","template":"","meta":{"footnotes":""},"class_list":["post-1379","page","type-page","status-publish","hentry"],"_links":{"self":[{"href":"https:\/\/muellesdealejandria.biz\/index.php\/wp-json\/wp\/v2\/pages\/1379","targetHints":{"allow":["GET"]}}],"collection":[{"href":"https:\/\/muellesdealejandria.biz\/index.php\/wp-json\/wp\/v2\/pages"}],"about":[{"href":"https:\/\/muellesdealejandria.biz\/index.php\/wp-json\/wp\/v2\/types\/page"}],"author":[{"embeddable":true,"href":"https:\/\/muellesdealejandria.biz\/index.php\/wp-json\/wp\/v2\/users\/2"}],"replies":[{"embeddable":true,"href":"https:\/\/muellesdealejandria.biz\/index.php\/wp-json\/wp\/v2\/comments?post=1379"}],"version-history":[{"count":199,"href":"https:\/\/muellesdealejandria.biz\/index.php\/wp-json\/wp\/v2\/pages\/1379\/revisions"}],"predecessor-version":[{"id":4401,"href":"https:\/\/muellesdealejandria.biz\/index.php\/wp-json\/wp\/v2\/pages\/1379\/revisions\/4401"}],"wp:attachment":[{"href":"https:\/\/muellesdealejandria.biz\/index.php\/wp-json\/wp\/v2\/media?parent=1379"}],"curies":[{"name":"wp","href":"https:\/\/api.w.org\/{rel}","templated":true}]}}